{"id":126,"date":"2019-07-18T16:23:21","date_gmt":"2019-07-18T14:23:21","guid":{"rendered":"http:\/\/matierebleue.fr\/?page_id=126"},"modified":"2023-03-19T15:23:04","modified_gmt":"2023-03-19T14:23:04","slug":"qui-sommes-nous","status":"publish","type":"page","link":"https:\/\/matierebleue.fr\/index.php\/qui-sommes-nous\/","title":{"rendered":"Qui sommes-nous"},"content":{"rendered":"\n<div class=\"wp-block-columns is-layout-flex wp-container-core-columns-is-layout-9d6595d7 wp-block-columns-is-layout-flex\">\n<div class=\"wp-block-column is-layout-flow wp-block-column-is-layout-flow\" style=\"flex-basis:100%\">\n<p>Mon exp\u00e9rience de dirigeante m\u2019a amen\u00e9e \u00e0 constater que <strong>la croissance et la r\u00e9silience d&rsquo;une organisation reposent sur la coh\u00e9rence de sa strat\u00e9gie, sur l&rsquo;excellence de l&rsquo;ex\u00e9cution et<\/strong> <strong>sur la n\u00e9cessit\u00e9 de changer de perception<\/strong>.<\/p>\n\n\n\n<p>Ayant \u00e9t\u00e9 confront\u00e9e, comme vous, aux difficult\u00e9s de faire bouger les lignes,&nbsp;j&rsquo;ai fond\u00e9 Mati\u00e8re Bleue pour vous aider \u00e0 explorer de nouveaux espaces strat\u00e9giques, \u00e0 exp\u00e9rimenter de nouveaux march\u00e9s et territoires, \u00e0 formaliser une strat\u00e9gie ambitieuse et r\u00e9aliste et \u00e0 engager efficacement vos \u00e9quipes.<\/p>\n<\/div>\n<\/div>\n\n\n\n<h3 class=\"wp-block-heading\"> <span style=\"color:#2f45b4\" class=\"has-inline-color\"><strong>Une dirigeante engag\u00e9e \u00e0 vos c\u00f4t\u00e9s<\/strong><\/span>  <\/h3>\n\n\n\n<p><img loading=\"lazy\" decoding=\"async\" width=\"150\" height=\"186\" class=\"wp-image-458\" style=\"width: 150px;\" src=\"https:\/\/matierebleue.fr\/wp-content\/uploads\/2021\/11\/Sandrine-Rampont-1-NB-1-1-scaled.jpg\" alt=\"\" srcset=\"https:\/\/matierebleue.fr\/wp-content\/uploads\/2021\/11\/Sandrine-Rampont-1-NB-1-1-scaled.jpg 2059w, https:\/\/matierebleue.fr\/wp-content\/uploads\/2021\/11\/Sandrine-Rampont-1-NB-1-1-241x300.jpg 241w, https:\/\/matierebleue.fr\/wp-content\/uploads\/2021\/11\/Sandrine-Rampont-1-NB-1-1-824x1024.jpg 824w, https:\/\/matierebleue.fr\/wp-content\/uploads\/2021\/11\/Sandrine-Rampont-1-NB-1-1-768x955.jpg 768w, https:\/\/matierebleue.fr\/wp-content\/uploads\/2021\/11\/Sandrine-Rampont-1-NB-1-1-1235x1536.jpg 1235w, https:\/\/matierebleue.fr\/wp-content\/uploads\/2021\/11\/Sandrine-Rampont-1-NB-1-1-1647x2048.jpg 1647w\" sizes=\"auto, (max-width: 150px) 100vw, 150px\" \/>  <strong><span class=\"has-inline-color has-black-color\">Sandrine, fondatrice de Mati\u00e8re Bleue,<\/span>  a un parcours de dirigeante et entrepreneure dans diff\u00e9rents environnements BtoB : PME, ETI, filiale de groupe international<\/strong>. <\/p>\n\n\n\n<p>Elle a ainsi dirig\u00e9 des activit\u00e9s de formation, \u00e9dition, m\u00e9dias, \u00e9v\u00e9nements salons professionnels et conseil RH en France et \u00e0 l\u2019international au sein de <a href=\"https:\/\/www.comundi.fr\/\">Comundi<\/a>, <a href=\"https:\/\/www.relx.com\/\">RELX Group<\/a>,  <a href=\"https:\/\/www.infopro-digital.com\/\">Infopro Digital<\/a>, puis <a href=\"https:\/\/groupemenway.com\/\">Menway<\/a> avant de reprendre, en 2022, la soci\u00e9t\u00e9 le<a href=\"https:\/\/www.magellan-network.com\/fr\/accueil\/\"> Cercle Magellan<\/a>.<br>Son exp\u00e9rience d&rsquo;environnements en \u00e9volution rapide et sa pratique d&rsquo;op\u00e9rations de croissance externe l\u2019ont amen\u00e9e \u00e0 concevoir et orchestrer de multiples strat\u00e9gies de d\u00e9veloppement et transformation, toujours avec le souci de concilier les enjeux business et humains.  <\/p>\n\n\n\n<p>Ayant \u00e0 c\u0153ur de faire de l\u2019excellence manag\u00e9riale la cl\u00e9 d\u2019une \u00e9volution r\u00e9ussie, elle est l\u2019auteur de \u00ab\u00a0<a href=\"https:\/\/www.amazon.fr\/Parfois-Ing%C3%A9rables-Toujours-Brillants-Potentiels\/dp\/2212572778\" target=\"_blank\" rel=\"noreferrer noopener\">Parfois ing\u00e9rables, toujours brillants : rep\u00e9rer, manager et fid\u00e9liser les hauts potentiels<\/a>\u00a0\u00bb (<a href=\"https:\/\/www.editions-eyrolles.com\/\" target=\"_blank\" rel=\"noreferrer noopener\">Eyrolles<\/a>, 2019, Laur\u00e9at du prix DCF du livre de management, 2020).<\/p>\n\n\n\n<p>Dipl\u00f4m\u00e9e de <a href=\"https:\/\/kedge.edu\/\" target=\"_blank\" rel=\"noreferrer noopener\">KEDGE Business Schoo<\/a>l, elle est certifi\u00e9e Manager Coach par l\u2019<a href=\"https:\/\/institutducoaching.wordpress.com\/qui-sommes-nous\/\" target=\"_blank\" rel=\"noreferrer noopener\">institut du coaching<\/a> et coach professionnel par l\u2019<a href=\"https:\/\/www.academie-coaching.fr\/\">Acad\u00e9mie du coaching<\/a>.<\/p>\n\n\n\n<p>Passionn\u00e9e par les mondes marins et la p\u00e9dagogie, Sandrine pratique et enseigne la plong\u00e9e sous-marine.<\/p>\n\n\n\n<p> <a href=\"https:\/\/www.linkedin.com\/in\/sandrinerampont\/\">https:\/\/www.linkedin.com\/in\/sandrinerampont\/<\/a>  <\/p>\n\n\n\n<h3 class=\"wp-block-heading\"><span style=\"color:#2f45b4\" class=\"has-inline-color\"><strong>Des partenaires aux expertises compl\u00e9mentaires<\/strong><\/span><\/h3>\n\n\n\n<p><img loading=\"lazy\" decoding=\"async\" width=\"150\" height=\"224\" class=\"wp-image-155\" style=\"width: 150px;\" alt=\"\" src=\"http:\/\/matierebleue.fr\/wp-content\/uploads\/2019\/07\/Lionel-Bonnet-150.jpg\" srcset=\"https:\/\/matierebleue.fr\/wp-content\/uploads\/2019\/07\/Lionel-Bonnet-150.jpg 2284w, https:\/\/matierebleue.fr\/wp-content\/uploads\/2019\/07\/Lionel-Bonnet-150-201x300.jpg 201w, https:\/\/matierebleue.fr\/wp-content\/uploads\/2019\/07\/Lionel-Bonnet-150-768x1145.jpg 768w, https:\/\/matierebleue.fr\/wp-content\/uploads\/2019\/07\/Lionel-Bonnet-150-687x1024.jpg 687w\" sizes=\"auto, (max-width: 150px) 100vw, 150px\" \/><strong><a href=\"http:\/\/linkedin.com\/in\/lionel-bonnet-437aa41b\" target=\"_blank\" rel=\"noreferrer noopener\">Lionel<\/a>, entrepreneur, a une exp\u00e9rience de vingt-cinq ans en tant que consultant, directeur administratif et financier, fondateur et dirigeant d\u2019entreprise<\/strong>. Apr\u00e8s avoir d\u00e9but\u00e9 sa carri\u00e8re dans l\u2019audit (<a href=\"https:\/\/www.mazars.fr\/\" target=\"_blank\" rel=\"noreferrer noopener\">Mazars<\/a> puis <a href=\"https:\/\/www.pwc.fr\/\" target=\"_blank\" rel=\"noreferrer noopener\">PWC<\/a>), il a pilot\u00e9 des missions de conseil au sein d\u2019\u00e9tablissements bancaires  (<a href=\"https:\/\/www.societegenerale.com\/fr\/accueil\" target=\"_blank\" rel=\"noreferrer noopener\">Soci\u00e9t\u00e9 G\u00e9n\u00e9rale<\/a> puis <a href=\"https:\/\/group.bnpparibas\/\" target=\"_blank\" rel=\"noreferrer noopener\">BNP<\/a>), puis \u00e9t\u00e9 directeur administratif et financier chez un grand institutionnel (<a href=\"https:\/\/www.csf.fr\/\" target=\"_blank\" rel=\"noreferrer noopener\">Groupe CSF<\/a>) et fondateur d&rsquo;une startup sp\u00e9cialis\u00e9e dans la gestion de paie externalis\u00e9e (<a href=\"https:\/\/focuspaie.fr\/\" target=\"_blank\" rel=\"noreferrer noopener\">Focus Paie<\/a>) qu&rsquo;il a c\u00e9d\u00e9e en 2018.<\/p>\n\n\n\n<p>Sa double exp\u00e9rience de consultant et de dirigeant dans des univers confront\u00e9s \u00e0 des enjeux d\u2019am\u00e9lioration de l\u2019efficacit\u00e9 op\u00e9rationnelle facilite l\u2019accompagnement de ses homologues dans leur r\u00e9flexion strat\u00e9gique ainsi que dans la mise en \u0153uvre de projets complexes de transformation.<\/p>\n\n\n\n<p>Il est dipl\u00f4m\u00e9 de l\u2019<a href=\"https:\/\/www.sciencespo-lyon.fr\/\" target=\"_blank\" rel=\"noreferrer noopener\">Institut d\u2019Etudes Politiques de Lyon<\/a> et titulaire d\u2019un DESS Evaluation et transmission des entreprises, ainsi que du MBA <a href=\"https:\/\/www.wbs.ac.uk\/\" target=\"_blank\" rel=\"noreferrer noopener\">Warwick Business School<\/a>. <\/p>\n\n\n\n<p><\/p>\n\n\n\n<p><img loading=\"lazy\" decoding=\"async\" width=\"150\" height=\"164\" class=\"wp-image-459\" style=\"width: 150px;\" src=\"https:\/\/matierebleue.fr\/wp-content\/uploads\/2021\/11\/Sylvie-Philippe-NB.jpg\" alt=\"\" srcset=\"https:\/\/matierebleue.fr\/wp-content\/uploads\/2021\/11\/Sylvie-Philippe-NB.jpg 780w, https:\/\/matierebleue.fr\/wp-content\/uploads\/2021\/11\/Sylvie-Philippe-NB-274x300.jpg 274w, https:\/\/matierebleue.fr\/wp-content\/uploads\/2021\/11\/Sylvie-Philippe-NB-768x841.jpg 768w\" sizes=\"auto, (max-width: 150px) 100vw, 150px\" \/> <a href=\"https:\/\/www.linkedin.com\/in\/sylviephilippe\/\" target=\"_blank\" rel=\"noreferrer noopener\"> <strong><strong>Sylvie<\/strong><\/strong><\/a><strong><strong>, experte en strat\u00e9gie de communication et <em>storytelling<\/em>, poss\u00e8de une expertise de plus de vingt-cinq ans d\u2019accompagnement de dirigeants d\u2019entreprise et d\u2019organisations publiques<\/strong>.<\/strong><\/p>\n\n\n\n<p>Elle a d\u00e9but\u00e9 sa carri\u00e8re dans le groupe <a href=\"https:\/\/www.publicisgroupe.com\/fr\" target=\"_blank\" rel=\"noreferrer noopener\">Publicis<\/a> puis co-cr\u00e9\u00e9 et lanc\u00e9 deux magazines g\u00e9n\u00e9ralistes et un bimestriel d\u2019actualit\u00e9 pour <a href=\"https:\/\/www.virgin.com\/\" target=\"_blank\" rel=\"noreferrer noopener\">Virgin<\/a>, tous trois laur\u00e9ats des grands prix  <a href=\"https:\/\/www.com-ent.fr\/\" target=\"_blank\" rel=\"noreferrer noopener\">COM-ENT<\/a>. Elle a ensuite dirig\u00e9 la communication au sein d\u2019une f\u00e9d\u00e9ration professionnelle (<a href=\"http:\/\/www.armateursdefrance.org\/\" target=\"_blank\" rel=\"noreferrer noopener\">Armateurs de France<\/a>) puis d\u2019une ETI leader mondial dans le transport du GNL (<a href=\"https:\/\/www.gtt.fr\/fr\" target=\"_blank\" rel=\"noreferrer noopener\">GTT<\/a>).<\/p>\n\n\n\n<p>Aujourd\u2019hui, elle accompagne des dirigeants d\u2019organisations en transformation (banque, \u00e9nergie, formation&#8230;) dans l\u2019\u00e9laboration et la mise en \u0153uvre de strat\u00e9gies \u00e9ditoriales en veillant \u00e0 apporter du sens et de la coh\u00e9rence.<\/p>\n\n\n\n<p>Sylvie est l\u2019auteure de livres blancs sur l\u2019am\u00e9nagement du territoire, de plusieurs romans et d\u2019un sc\u00e9nario pr\u00e9s\u00e9lectionn\u00e9 au grand prix du meilleur sc\u00e9nariste.<\/p>\n\n\n\n<p><\/p>\n","protected":false},"excerpt":{"rendered":"<p>Mon exp\u00e9rience de dirigeante m\u2019a amen\u00e9e \u00e0 constater que la croissance et la r\u00e9silience d&rsquo;une organisation reposent sur la coh\u00e9rence de sa strat\u00e9gie, sur l&rsquo;excellence de l&rsquo;ex\u00e9cution et sur la n\u00e9cessit\u00e9 de changer de perception. Ayant \u00e9t\u00e9 confront\u00e9e, comme vous, aux difficult\u00e9s de faire bouger les lignes,&nbsp;j&rsquo;ai fond\u00e9 Mati\u00e8re Bleue pour vous aider \u00e0 explorer &hellip; <\/p>\n<p class=\"link-more\"><a href=\"https:\/\/matierebleue.fr\/index.php\/qui-sommes-nous\/\" class=\"more-link\">Continuer la lecture<span class=\"screen-reader-text\"> de &laquo;&nbsp;Qui sommes-nous&nbsp;&raquo;<\/span><\/a><\/p>\n","protected":false},"author":1,"featured_media":0,"parent":0,"menu_order":0,"comment_status":"closed","ping_status":"closed","template":"","meta":{"footnotes":""},"class_list":["post-126","page","type-page","status-publish","hentry"],"yoast_head":"<!-- This site is optimized with the Yoast SEO plugin v23.5 - https:\/\/yoast.com\/wordpress\/plugins\/seo\/ -->\n<title>Qui sommes-nous - Mati\u00e8re bleue<\/title>\n<meta name=\"description\" content=\"Mati\u00e8re bleue c\u2018est une \u00e9quipe pluridisciplinaire au service de vos projets de croissance et transformation.\" \/>\n<meta name=\"robots\" content=\"index, follow, max-snippet:-1, max-image-preview:large, max-video-preview:-1\" \/>\n<link rel=\"canonical\" href=\"https:\/\/matierebleue.fr\/index.php\/qui-sommes-nous\/\" \/>\n<meta property=\"og:locale\" content=\"fr_FR\" \/>\n<meta property=\"og:type\" content=\"article\" \/>\n<meta property=\"og:title\" content=\"Qui sommes-nous - Mati\u00e8re bleue\" \/>\n<meta property=\"og:description\" content=\"Mati\u00e8re bleue c\u2018est une \u00e9quipe pluridisciplinaire au service de vos projets de croissance et transformation.\" \/>\n<meta property=\"og:url\" content=\"https:\/\/matierebleue.fr\/index.php\/qui-sommes-nous\/\" \/>\n<meta property=\"og:site_name\" content=\"Mati\u00e8re bleue\" \/>\n<meta property=\"article:modified_time\" content=\"2023-03-19T14:23:04+00:00\" \/>\n<meta property=\"og:image\" content=\"https:\/\/matierebleue.fr\/wp-content\/uploads\/2021\/11\/Sandrine-Rampont-1-NB-1-1-scaled.jpg\" \/>\n<meta name=\"twitter:card\" content=\"summary_large_image\" \/>\n<meta name=\"twitter:label1\" content=\"Dur\u00e9e de lecture estim\u00e9e\" \/>\n\t<meta name=\"twitter:data1\" content=\"4 minutes\" \/>\n<script type=\"application\/ld+json\" class=\"yoast-schema-graph\">{\"@context\":\"https:\/\/schema.org\",\"@graph\":[{\"@type\":\"WebPage\",\"@id\":\"https:\/\/matierebleue.fr\/index.php\/qui-sommes-nous\/\",\"url\":\"https:\/\/matierebleue.fr\/index.php\/qui-sommes-nous\/\",\"name\":\"Qui sommes-nous - Mati\u00e8re bleue\",\"isPartOf\":{\"@id\":\"https:\/\/matierebleue.fr\/#website\"},\"primaryImageOfPage\":{\"@id\":\"https:\/\/matierebleue.fr\/index.php\/qui-sommes-nous\/#primaryimage\"},\"image\":{\"@id\":\"https:\/\/matierebleue.fr\/index.php\/qui-sommes-nous\/#primaryimage\"},\"thumbnailUrl\":\"https:\/\/matierebleue.fr\/wp-content\/uploads\/2021\/11\/Sandrine-Rampont-1-NB-1-1-scaled.jpg\",\"datePublished\":\"2019-07-18T14:23:21+00:00\",\"dateModified\":\"2023-03-19T14:23:04+00:00\",\"description\":\"Mati\u00e8re bleue c\u2018est une \u00e9quipe pluridisciplinaire au service de vos projets de croissance et transformation.\",\"breadcrumb\":{\"@id\":\"https:\/\/matierebleue.fr\/index.php\/qui-sommes-nous\/#breadcrumb\"},\"inLanguage\":\"fr-FR\",\"potentialAction\":[{\"@type\":\"ReadAction\",\"target\":[\"https:\/\/matierebleue.fr\/index.php\/qui-sommes-nous\/\"]}]},{\"@type\":\"ImageObject\",\"inLanguage\":\"fr-FR\",\"@id\":\"https:\/\/matierebleue.fr\/index.php\/qui-sommes-nous\/#primaryimage\",\"url\":\"https:\/\/matierebleue.fr\/wp-content\/uploads\/2021\/11\/Sandrine-Rampont-1-NB-1-1-scaled.jpg\",\"contentUrl\":\"https:\/\/matierebleue.fr\/wp-content\/uploads\/2021\/11\/Sandrine-Rampont-1-NB-1-1-scaled.jpg\",\"width\":2059,\"height\":2560},{\"@type\":\"BreadcrumbList\",\"@id\":\"https:\/\/matierebleue.fr\/index.php\/qui-sommes-nous\/#breadcrumb\",\"itemListElement\":[{\"@type\":\"ListItem\",\"position\":1,\"name\":\"Accueil\",\"item\":\"https:\/\/matierebleue.fr\/\"},{\"@type\":\"ListItem\",\"position\":2,\"name\":\"Qui sommes-nous\"}]},{\"@type\":\"WebSite\",\"@id\":\"https:\/\/matierebleue.fr\/#website\",\"url\":\"https:\/\/matierebleue.fr\/\",\"name\":\"Mati\u00e8re bleue\",\"description\":\"Partenaire de votre croissance, facilitateur de votre transformation\",\"publisher\":{\"@id\":\"https:\/\/matierebleue.fr\/#organization\"},\"potentialAction\":[{\"@type\":\"SearchAction\",\"target\":{\"@type\":\"EntryPoint\",\"urlTemplate\":\"https:\/\/matierebleue.fr\/?s={search_term_string}\"},\"query-input\":{\"@type\":\"PropertyValueSpecification\",\"valueRequired\":true,\"valueName\":\"search_term_string\"}}],\"inLanguage\":\"fr-FR\"},{\"@type\":\"Organization\",\"@id\":\"https:\/\/matierebleue.fr\/#organization\",\"name\":\"Mati\u00e8re Bleue\",\"url\":\"https:\/\/matierebleue.fr\/\",\"logo\":{\"@type\":\"ImageObject\",\"inLanguage\":\"fr-FR\",\"@id\":\"https:\/\/matierebleue.fr\/#\/schema\/logo\/image\/\",\"url\":\"https:\/\/matierebleue.fr\/wp-content\/uploads\/2019\/07\/logoMB-blanc-1.png\",\"contentUrl\":\"https:\/\/matierebleue.fr\/wp-content\/uploads\/2019\/07\/logoMB-blanc-1.png\",\"width\":6114,\"height\":6014,\"caption\":\"Mati\u00e8re Bleue\"},\"image\":{\"@id\":\"https:\/\/matierebleue.fr\/#\/schema\/logo\/image\/\"}}]}<\/script>\n<!-- \/ Yoast SEO plugin. -->","yoast_head_json":{"title":"Qui sommes-nous - Mati\u00e8re bleue","description":"Mati\u00e8re bleue c\u2018est une \u00e9quipe pluridisciplinaire au service de vos projets de croissance et transformation.","robots":{"index":"index","follow":"follow","max-snippet":"max-snippet:-1","max-image-preview":"max-image-preview:large","max-video-preview":"max-video-preview:-1"},"canonical":"https:\/\/matierebleue.fr\/index.php\/qui-sommes-nous\/","og_locale":"fr_FR","og_type":"article","og_title":"Qui sommes-nous - Mati\u00e8re bleue","og_description":"Mati\u00e8re bleue c\u2018est une \u00e9quipe pluridisciplinaire au service de vos projets de croissance et transformation.","og_url":"https:\/\/matierebleue.fr\/index.php\/qui-sommes-nous\/","og_site_name":"Mati\u00e8re bleue","article_modified_time":"2023-03-19T14:23:04+00:00","og_image":[{"url":"https:\/\/matierebleue.fr\/wp-content\/uploads\/2021\/11\/Sandrine-Rampont-1-NB-1-1-scaled.jpg"}],"twitter_card":"summary_large_image","twitter_misc":{"Dur\u00e9e de lecture estim\u00e9e":"4 minutes"},"schema":{"@context":"https:\/\/schema.org","@graph":[{"@type":"WebPage","@id":"https:\/\/matierebleue.fr\/index.php\/qui-sommes-nous\/","url":"https:\/\/matierebleue.fr\/index.php\/qui-sommes-nous\/","name":"Qui sommes-nous - Mati\u00e8re bleue","isPartOf":{"@id":"https:\/\/matierebleue.fr\/#website"},"primaryImageOfPage":{"@id":"https:\/\/matierebleue.fr\/index.php\/qui-sommes-nous\/#primaryimage"},"image":{"@id":"https:\/\/matierebleue.fr\/index.php\/qui-sommes-nous\/#primaryimage"},"thumbnailUrl":"https:\/\/matierebleue.fr\/wp-content\/uploads\/2021\/11\/Sandrine-Rampont-1-NB-1-1-scaled.jpg","datePublished":"2019-07-18T14:23:21+00:00","dateModified":"2023-03-19T14:23:04+00:00","description":"Mati\u00e8re bleue c\u2018est une \u00e9quipe pluridisciplinaire au service de vos projets de croissance et transformation.","breadcrumb":{"@id":"https:\/\/matierebleue.fr\/index.php\/qui-sommes-nous\/#breadcrumb"},"inLanguage":"fr-FR","potentialAction":[{"@type":"ReadAction","target":["https:\/\/matierebleue.fr\/index.php\/qui-sommes-nous\/"]}]},{"@type":"ImageObject","inLanguage":"fr-FR","@id":"https:\/\/matierebleue.fr\/index.php\/qui-sommes-nous\/#primaryimage","url":"https:\/\/matierebleue.fr\/wp-content\/uploads\/2021\/11\/Sandrine-Rampont-1-NB-1-1-scaled.jpg","contentUrl":"https:\/\/matierebleue.fr\/wp-content\/uploads\/2021\/11\/Sandrine-Rampont-1-NB-1-1-scaled.jpg","width":2059,"height":2560},{"@type":"BreadcrumbList","@id":"https:\/\/matierebleue.fr\/index.php\/qui-sommes-nous\/#breadcrumb","itemListElement":[{"@type":"ListItem","position":1,"name":"Accueil","item":"https:\/\/matierebleue.fr\/"},{"@type":"ListItem","position":2,"name":"Qui sommes-nous"}]},{"@type":"WebSite","@id":"https:\/\/matierebleue.fr\/#website","url":"https:\/\/matierebleue.fr\/","name":"Mati\u00e8re bleue","description":"Partenaire de votre croissance, facilitateur de votre transformation","publisher":{"@id":"https:\/\/matierebleue.fr\/#organization"},"potentialAction":[{"@type":"SearchAction","target":{"@type":"EntryPoint","urlTemplate":"https:\/\/matierebleue.fr\/?s={search_term_string}"},"query-input":{"@type":"PropertyValueSpecification","valueRequired":true,"valueName":"search_term_string"}}],"inLanguage":"fr-FR"},{"@type":"Organization","@id":"https:\/\/matierebleue.fr\/#organization","name":"Mati\u00e8re Bleue","url":"https:\/\/matierebleue.fr\/","logo":{"@type":"ImageObject","inLanguage":"fr-FR","@id":"https:\/\/matierebleue.fr\/#\/schema\/logo\/image\/","url":"https:\/\/matierebleue.fr\/wp-content\/uploads\/2019\/07\/logoMB-blanc-1.png","contentUrl":"https:\/\/matierebleue.fr\/wp-content\/uploads\/2019\/07\/logoMB-blanc-1.png","width":6114,"height":6014,"caption":"Mati\u00e8re Bleue"},"image":{"@id":"https:\/\/matierebleue.fr\/#\/schema\/logo\/image\/"}}]}},"_links":{"self":[{"href":"https:\/\/matierebleue.fr\/index.php\/wp-json\/wp\/v2\/pages\/126","targetHints":{"allow":["GET"]}}],"collection":[{"href":"https:\/\/matierebleue.fr\/index.php\/wp-json\/wp\/v2\/pages"}],"about":[{"href":"https:\/\/matierebleue.fr\/index.php\/wp-json\/wp\/v2\/types\/page"}],"author":[{"embeddable":true,"href":"https:\/\/matierebleue.fr\/index.php\/wp-json\/wp\/v2\/users\/1"}],"replies":[{"embeddable":true,"href":"https:\/\/matierebleue.fr\/index.php\/wp-json\/wp\/v2\/comments?post=126"}],"version-history":[{"count":51,"href":"https:\/\/matierebleue.fr\/index.php\/wp-json\/wp\/v2\/pages\/126\/revisions"}],"predecessor-version":[{"id":501,"href":"https:\/\/matierebleue.fr\/index.php\/wp-json\/wp\/v2\/pages\/126\/revisions\/501"}],"wp:attachment":[{"href":"https:\/\/matierebleue.fr\/index.php\/wp-json\/wp\/v2\/media?parent=126"}],"curies":[{"name":"wp","href":"https:\/\/api.w.org\/{rel}","templated":true}]}}