{"id":46,"date":"2019-07-17T17:45:11","date_gmt":"2019-07-17T15:45:11","guid":{"rendered":"http:\/\/matierebleue.fr\/?page_id=46"},"modified":"2023-03-19T15:37:08","modified_gmt":"2023-03-19T14:37:08","slug":"accueil","status":"publish","type":"page","link":"https:\/\/matierebleue.fr\/","title":{"rendered":"Sparrings partners &#8211; Executive coachs"},"content":{"rendered":"<p>D\u00e9velopper votre leadership, booster votre strat\u00e9gie de croissance, r\u00e9ussir vos transformations, g\u00e9n\u00e9rer impact, coh\u00e9sion et engagement\u2026<br \/><strong>Mati\u00e8re Bleue met \u00e0 votre disposition les comp\u00e9tences d\u2019une <a href=\"https:\/\/matierebleue.fr\/index.php\/qui-sommes-nous\/\">\u00e9quipe de dirigeant(e)s, et de coachs certifi\u00e9s <\/a>\u00a0pour vous aider \u00e0 mettre en \u0153uvre les conditions de votre performance.<\/strong><\/p>\n<p><span style=\"color: #2f45b4;\"><strong>Nous accompagnons les dirigeant(e)s et leur organisation dans la r\u00e9ussite de leurs projets en r\u00e9conciliant cr\u00e9ation de valeur et sens.<\/strong><\/span><\/p>\n\n\n<p><\/p>\n","protected":false},"excerpt":{"rendered":"<p>D\u00e9velopper votre leadership, booster votre strat\u00e9gie de croissance, r\u00e9ussir vos transformations, g\u00e9n\u00e9rer impact, coh\u00e9sion et engagement\u2026Mati\u00e8re Bleue met \u00e0 votre disposition les comp\u00e9tences d\u2019une \u00e9quipe de dirigeant(e)s, et de coachs certifi\u00e9s \u00a0pour vous aider \u00e0 mettre en \u0153uvre les conditions de votre performance. Nous accompagnons les dirigeant(e)s et leur organisation dans la r\u00e9ussite de leurs &hellip; <\/p>\n<p class=\"link-more\"><a href=\"https:\/\/matierebleue.fr\/\" class=\"more-link\">Continuer la lecture<span class=\"screen-reader-text\"> de &laquo;&nbsp;Sparrings partners &#8211; Executive coachs&nbsp;&raquo;<\/span><\/a><\/p>\n","protected":false},"author":1,"featured_media":0,"parent":0,"menu_order":0,"comment_status":"closed","ping_status":"closed","template":"","meta":{"footnotes":""},"class_list":["post-46","page","type-page","status-publish","hentry"],"yoast_head":"<!-- This site is optimized with the Yoast SEO plugin v23.5 - https:\/\/yoast.com\/wordpress\/plugins\/seo\/ -->\n<title>Sparrings partners - Executive coachs - Mati\u00e8re bleue<\/title>\n<meta name=\"description\" content=\"Mati\u00e8re bleue accompagne les dirigeants, entrepreneurs et leurs \u00e9quipes dans leur d\u00e9veloppement. Nous facilitons vos transformations.\" \/>\n<meta name=\"robots\" content=\"index, follow, max-snippet:-1, max-image-preview:large, max-video-preview:-1\" \/>\n<link rel=\"canonical\" href=\"https:\/\/matierebleue.fr\/\" \/>\n<meta property=\"og:locale\" content=\"fr_FR\" \/>\n<meta property=\"og:type\" content=\"article\" \/>\n<meta property=\"og:title\" content=\"Sparrings partners - Executive coachs - Mati\u00e8re bleue\" \/>\n<meta property=\"og:description\" content=\"Mati\u00e8re bleue accompagne les dirigeants, entrepreneurs et leurs \u00e9quipes dans leur d\u00e9veloppement. Nous facilitons vos transformations.\" \/>\n<meta property=\"og:url\" content=\"https:\/\/matierebleue.fr\/\" \/>\n<meta property=\"og:site_name\" content=\"Mati\u00e8re bleue\" \/>\n<meta property=\"article:modified_time\" content=\"2023-03-19T14:37:08+00:00\" \/>\n<meta name=\"twitter:card\" content=\"summary_large_image\" \/>\n<meta name=\"twitter:label1\" content=\"Dur\u00e9e de lecture estim\u00e9e\" \/>\n\t<meta name=\"twitter:data1\" content=\"1 minute\" \/>\n<script type=\"application\/ld+json\" class=\"yoast-schema-graph\">{\"@context\":\"https:\/\/schema.org\",\"@graph\":[{\"@type\":\"WebPage\",\"@id\":\"https:\/\/matierebleue.fr\/\",\"url\":\"https:\/\/matierebleue.fr\/\",\"name\":\"Sparrings partners - Executive coachs - Mati\u00e8re bleue\",\"isPartOf\":{\"@id\":\"https:\/\/matierebleue.fr\/#website\"},\"datePublished\":\"2019-07-17T15:45:11+00:00\",\"dateModified\":\"2023-03-19T14:37:08+00:00\",\"description\":\"Mati\u00e8re bleue accompagne les dirigeants, entrepreneurs et leurs \u00e9quipes dans leur d\u00e9veloppement. Nous facilitons vos transformations.\",\"breadcrumb\":{\"@id\":\"https:\/\/matierebleue.fr\/#breadcrumb\"},\"inLanguage\":\"fr-FR\",\"potentialAction\":[{\"@type\":\"ReadAction\",\"target\":[\"https:\/\/matierebleue.fr\/\"]}]},{\"@type\":\"BreadcrumbList\",\"@id\":\"https:\/\/matierebleue.fr\/#breadcrumb\",\"itemListElement\":[{\"@type\":\"ListItem\",\"position\":1,\"name\":\"Accueil\",\"item\":\"https:\/\/matierebleue.fr\/\"},{\"@type\":\"ListItem\",\"position\":2,\"name\":\"Sparrings partners &#8211; Executive coachs\"}]},{\"@type\":\"WebSite\",\"@id\":\"https:\/\/matierebleue.fr\/#website\",\"url\":\"https:\/\/matierebleue.fr\/\",\"name\":\"Mati\u00e8re bleue\",\"description\":\"Partenaire de votre croissance, facilitateur de votre transformation\",\"publisher\":{\"@id\":\"https:\/\/matierebleue.fr\/#organization\"},\"potentialAction\":[{\"@type\":\"SearchAction\",\"target\":{\"@type\":\"EntryPoint\",\"urlTemplate\":\"https:\/\/matierebleue.fr\/?s={search_term_string}\"},\"query-input\":{\"@type\":\"PropertyValueSpecification\",\"valueRequired\":true,\"valueName\":\"search_term_string\"}}],\"inLanguage\":\"fr-FR\"},{\"@type\":\"Organization\",\"@id\":\"https:\/\/matierebleue.fr\/#organization\",\"name\":\"Mati\u00e8re Bleue\",\"url\":\"https:\/\/matierebleue.fr\/\",\"logo\":{\"@type\":\"ImageObject\",\"inLanguage\":\"fr-FR\",\"@id\":\"https:\/\/matierebleue.fr\/#\/schema\/logo\/image\/\",\"url\":\"https:\/\/matierebleue.fr\/wp-content\/uploads\/2019\/07\/logoMB-blanc-1.png\",\"contentUrl\":\"https:\/\/matierebleue.fr\/wp-content\/uploads\/2019\/07\/logoMB-blanc-1.png\",\"width\":6114,\"height\":6014,\"caption\":\"Mati\u00e8re Bleue\"},\"image\":{\"@id\":\"https:\/\/matierebleue.fr\/#\/schema\/logo\/image\/\"}}]}<\/script>\n<!-- \/ Yoast SEO plugin. -->","yoast_head_json":{"title":"Sparrings partners - Executive coachs - Mati\u00e8re bleue","description":"Mati\u00e8re bleue accompagne les dirigeants, entrepreneurs et leurs \u00e9quipes dans leur d\u00e9veloppement. Nous facilitons vos transformations.","robots":{"index":"index","follow":"follow","max-snippet":"max-snippet:-1","max-image-preview":"max-image-preview:large","max-video-preview":"max-video-preview:-1"},"canonical":"https:\/\/matierebleue.fr\/","og_locale":"fr_FR","og_type":"article","og_title":"Sparrings partners - Executive coachs - Mati\u00e8re bleue","og_description":"Mati\u00e8re bleue accompagne les dirigeants, entrepreneurs et leurs \u00e9quipes dans leur d\u00e9veloppement. Nous facilitons vos transformations.","og_url":"https:\/\/matierebleue.fr\/","og_site_name":"Mati\u00e8re bleue","article_modified_time":"2023-03-19T14:37:08+00:00","twitter_card":"summary_large_image","twitter_misc":{"Dur\u00e9e de lecture estim\u00e9e":"1 minute"},"schema":{"@context":"https:\/\/schema.org","@graph":[{"@type":"WebPage","@id":"https:\/\/matierebleue.fr\/","url":"https:\/\/matierebleue.fr\/","name":"Sparrings partners - Executive coachs - Mati\u00e8re bleue","isPartOf":{"@id":"https:\/\/matierebleue.fr\/#website"},"datePublished":"2019-07-17T15:45:11+00:00","dateModified":"2023-03-19T14:37:08+00:00","description":"Mati\u00e8re bleue accompagne les dirigeants, entrepreneurs et leurs \u00e9quipes dans leur d\u00e9veloppement. Nous facilitons vos transformations.","breadcrumb":{"@id":"https:\/\/matierebleue.fr\/#breadcrumb"},"inLanguage":"fr-FR","potentialAction":[{"@type":"ReadAction","target":["https:\/\/matierebleue.fr\/"]}]},{"@type":"BreadcrumbList","@id":"https:\/\/matierebleue.fr\/#breadcrumb","itemListElement":[{"@type":"ListItem","position":1,"name":"Accueil","item":"https:\/\/matierebleue.fr\/"},{"@type":"ListItem","position":2,"name":"Sparrings partners &#8211; Executive coachs"}]},{"@type":"WebSite","@id":"https:\/\/matierebleue.fr\/#website","url":"https:\/\/matierebleue.fr\/","name":"Mati\u00e8re bleue","description":"Partenaire de votre croissance, facilitateur de votre transformation","publisher":{"@id":"https:\/\/matierebleue.fr\/#organization"},"potentialAction":[{"@type":"SearchAction","target":{"@type":"EntryPoint","urlTemplate":"https:\/\/matierebleue.fr\/?s={search_term_string}"},"query-input":{"@type":"PropertyValueSpecification","valueRequired":true,"valueName":"search_term_string"}}],"inLanguage":"fr-FR"},{"@type":"Organization","@id":"https:\/\/matierebleue.fr\/#organization","name":"Mati\u00e8re Bleue","url":"https:\/\/matierebleue.fr\/","logo":{"@type":"ImageObject","inLanguage":"fr-FR","@id":"https:\/\/matierebleue.fr\/#\/schema\/logo\/image\/","url":"https:\/\/matierebleue.fr\/wp-content\/uploads\/2019\/07\/logoMB-blanc-1.png","contentUrl":"https:\/\/matierebleue.fr\/wp-content\/uploads\/2019\/07\/logoMB-blanc-1.png","width":6114,"height":6014,"caption":"Mati\u00e8re Bleue"},"image":{"@id":"https:\/\/matierebleue.fr\/#\/schema\/logo\/image\/"}}]}},"_links":{"self":[{"href":"https:\/\/matierebleue.fr\/index.php\/wp-json\/wp\/v2\/pages\/46","targetHints":{"allow":["GET"]}}],"collection":[{"href":"https:\/\/matierebleue.fr\/index.php\/wp-json\/wp\/v2\/pages"}],"about":[{"href":"https:\/\/matierebleue.fr\/index.php\/wp-json\/wp\/v2\/types\/page"}],"author":[{"embeddable":true,"href":"https:\/\/matierebleue.fr\/index.php\/wp-json\/wp\/v2\/users\/1"}],"replies":[{"embeddable":true,"href":"https:\/\/matierebleue.fr\/index.php\/wp-json\/wp\/v2\/comments?post=46"}],"version-history":[{"count":46,"href":"https:\/\/matierebleue.fr\/index.php\/wp-json\/wp\/v2\/pages\/46\/revisions"}],"predecessor-version":[{"id":504,"href":"https:\/\/matierebleue.fr\/index.php\/wp-json\/wp\/v2\/pages\/46\/revisions\/504"}],"wp:attachment":[{"href":"https:\/\/matierebleue.fr\/index.php\/wp-json\/wp\/v2\/media?parent=46"}],"curies":[{"name":"wp","href":"https:\/\/api.w.org\/{rel}","templated":true}]}}